-6) + (10 - (3 + (-9 - -16)))?
2
What is the value of -2 + (47 - 38) + 5 + 1?
13
What is the value of (-13 - -14) + (-3 - 6) - (38 - 11)?
-35
Calculate -32 + (-9 + 14 - 0) - -2.
-25
What is the value of -8 - (16 - 24 - (-2 - 1))?
-3
-7 + -24 + (12 - (14 + 6) - -13)
-26
Calculate -3 - (18 - (14 + 11) - (0 + -7)).
-3
Calculate -5 + (-7 + -1 - (-206 - -206)).
-13
(1 - -13 - 15) + -6 + 0
-7
14 + (0 - -2) + -144 + 140
12
35 - 28 - (14 - (6 + -3))
-4
What is the value of 1 + 3 + (4 - 0 - (7 - 8))?
9
What is -17 + 2 + -3 + 5 + -8 + 6?
-15
Calculate 1 + -9 + -172 + 156.
-24
What is the value of 8 - 19 - (-18 - 1)?
8
What is the value of (10 + 54 - 15) + -1 - 12?
36
What is (1 - -5) + (0 - 5 - -3)?
4
What is the value of 4 + -2 + 7 - (11 + -17)?
15
Evaluate (92 - 123) + (-2 - (3 + -18)).
-18
7 - (32 + -8 - 15 - 3)
1
Calculate 15 - 6 - (29 + -13).
-7
Evaluate 260 + -254 + 0 + -4 - -11.
13
Evaluate (-24 - 13) + 1 + 21.
-15
(-121 - -108) + (0 - -20)
7
What is -8396 - -8400 - (-28 + (2 - (3 + -2)))?
31
Calculate ((-10 - -1) + 8 - 14) + 5 + -1.
-11
-4 - (-7 + -4 - -4 - 2)
5
Evaluate 60 + -92 + (16 - -1).
-15
What is the value of -5 + -10 + 15 - -5?
5
15 + -7 + (-1 + -2 - (-27 - -22))
10
What is the value of 9 + 31 - 6 - (11 - 0) - -2?
25
-37 + (-38 - -110) - 34
1
What is -4 + 15 - ((26 - (0 + 1)) + 11)?
-25
What is 7 - (0 - (-5 + 3 + (-8 - -8)))?
5
-9 + 9 + (1 - 8 - -6) + -1
-2
Evaluate 2 - (-20 + 43 + -12).
-9
What is the value of (3 + 1 + -14 - -31) + -2?
19
What is -6 + (0 + 8 - (3 - -6))?
-7
What is the value of 365 + -367 + (-1 - (-10 - 0)) - -24?
31
5 + 7 + 2 + -6 + 3
11
Evaluate 11 - (15 - 8) - (-5 + 6).
3
What is the value of 38 + -49 - 8 - 8?
-27
(-89 - -80) + (-2 - (-2 - -2) - -8)
-3
What is the value of 5 - 7 - (-1 + (-6 - -13))?
-8
-11 + (-18 - -22 - -1)
-6
What is the value of 36 - (18 - -38) - -38?
18
Calculate -2 + (5 - (9 - 5)) + -2.
-3
Calculate 17 - ((-16 - -13) + 11).
9
What is -10 + 35 + -1 + (3 - 14)?
13
What is -2 + 0 - (-1 + 3) - (10 + -8)?
-6
What is the value of -156 - -176 - (-10 + -6 - -5)?
31
What is -19 + 10 + 17 + 5 - 4?
9
Evaluate (40 - 69) + 10 + 0 - -3.
-16
What is the value of 2 - 4 - (69 + -73)?
2
4 + -8 + -4 - (22 + -18 + -43)
31
329 - 320 - (1 - (0 + (-1 - -1)))
8
What is -3 - (47 - 0 - (-28 + -1 + 40))?
-39
(17 - (-4 + 14)) + -14
-7
Evaluate 28 + -4 - -8 - 19.
13
(-15 - -8) + 23 - 10
6
Calculate 22 + 0 + (-15 - (8 + -5 - 24)).
28
What is -8 + (2 - (6 + 8) - -4) - 3?
-19
Evaluate (-2 - 7) + (-9 - -4) - -17.
3
Evaluate (14 - -2) + (-23 - -16) + -3.
6
What is the value of 14 + (-9 - (-31 - -22))?
14
What is the value of 15 - (-13 - (14 + -4))?
38
Calculate -56 + -25 + -5 + 61.
-25
What is (-8 - 0) + (21 - 18) + (5 - -1)?
1
What is -2 - (2 + (0 - -1) + -12 + 5)?
2
What is -14 + 22 - (-2 - -4 - -8) - -13?
11
What is the value of (23 - ((6 - 9) + 13)) + 0?
13
What is -2 + -4 - -11 - 3 - (96 - 128)?
34
Calculate (-4 - 3) + (-16 + 1 - (73 - 64)).
-31
What is the value of 3 - (0 - -19) - (-175 - -173)?
-14
What is the value of 3 + (0 + 7 - (-160 + 163)) - -13?
20
(-3 - (3 + 10)) + 18
2
What is 98 + -100 - (-3 + -4 - 0 - -3)?
2
-3 - (-7 - -1 - (42 + -32))
13
Calculate (4 - (5 - 14) - -6) + (-9 - -4).
14
2 - ((65 - 63) + (2 - -3))
-5
Calculate (-14 - (-2 - 4)) + 41 + (5 - 20).
18
(7 - -5) + 2 - (-1 - (-1 - -4))
18
What is the value of 6 + 1 - (-28 + 40) - 5?
-10
-10 + 1 + (174 - 177) - (-48 + 2)
34
Calculate 2 + -15 + 7 + 4 + -9 + 9.
-2
What is -11 + (-11 - (1 + -13 + 10 + -3))?
-17
Evaluate (37 - -1) + 1 - (4 - -3).
32
What is the value of -5 + (0 + 52 + -23 - (-3 - 0))?
27
What is the value of (3 - 18 - -24) + 5?
14
What is the value of -38 + (48 - (10 - -26))?
-26
-10 + (5 - (11 - 12))
-4
What is the value of (6 + -25 - -2) + 12?
-5
What is 1 + 9 + (-15 - (18 + -36))?
13
What is -4 + (-9 - 2) + -3 - -4?
-14
Calculate 56 + -53 + (-17 - -1) + 5.
-8
What is the value of 2 - (-4 - (-6 - 3))?
-3
What is (5 + -2 - 2) + -4 + 52 + -53?
-4
What is the value of -15 + 8 + -18 + 14 + 10?
-1
What is the value of 26 + -1 - ((-6 - 17 - -37) + -19)?
30
-532 - -517 - (-1 + 0)
-14
Calculate 0 - (5 + 5 - (28 + -5)).
13
Evaluate 0 + 4 - (11 + -45 + 40).
-2
What is the value of 2 + -16 + (20 - 11) + -4?
-9
Evaluate 17 - 13 - 4 - 12 - 3.
-15
Evaluate 8 - (-13 - (23 - 63)).
-19
What is the value of -4 + 5 - (-7 + 1 - 0) - 6?
1
Calculate -1 + (-3 - (-7 + 6 - -3) - -11).
5
What is the value of 10 - 23 - ((0 - 0) + -2) - 1?
-12
-22 - (37 + -45 + 12)
-26
What is -40 - -29 - ((1 - 0 - 3) + -1)?
-8
Evaluate 32 + -45 + -7 + 26.
6
What is the value of (-4 + -5 - (-2 - -25)) + 14?
-18
28 - (-1 + 12 - -5)
12
Calculate -40 - (-60 + 12) - (11 + -1).
-2
-8 - (-5 + -5 + 5 + -12)
9
What is (3 - (-10 + 10)) + (5 - (16 - 3))?
-5
(-1222 - -1218) + (-12 - -1)
-15
Evaluate 7 + 16 + (-9 - (5 + -3 + -9)).
21
What is -44 + 43 - (-8 + 14 + (0 - 0))?
-7
What is the value of -6 + 9 + 1 + -4?
0
What is (6 - 3 - (-18 - -23)) + -11?
-13
What is the value of -12 - (11 + -29) - (1 + 5)?
0
Calculate -8 + (-24 - (14 + -50)).
4
-5 + (6 - (-7 - (-1 - 7)))
0
Evaluate -5 + -1 - (-23 - (6 + -10 + 7)).
20
What is (-9 + -2 - -13) + -8 - (4 - -28)?
-38
1 - (5 - -7) - -9
-2
What is the value of -13 + 3 + 3 - -5?
-2
What is (-5 + -10 - 3) + 10?
-8
What is the value of 6 + (-13 - (-12 + 4)) + 10?
11
Evaluate -25 + (-18 + 23 - -10) + 0.
-10
What is the value of 4 + ((3 - -1) + -4 - 2)?
2
What is the value of -32 + 18 + (2 - 2)?
-14
(14 + (3 - (5 - -5)) - 10) + -3
-6
Calculate (-10 - -5) + -3 + 22.
14
Evaluate 10 + -10 + 30 + -18.
12
Evaluate 23 + -30 - (8 + (-4 - 1)).
-10
Calculate (-2 - (7 + -14)) + -6.
-1
What is the value of -10 - (-2 - 13) - 2 - 4?
-1
Evaluate 12 + (11 - (54 + -22)).
-9
What is 7 - (-38 + 45 - (-24 - -2))?
-22
Calculate (1 - -20) + -18 + 19 + -10.
12
-7 - ((1 - -3) + 3) - -27
13
(7 - 7) + -79 + 99
20
(7 - -10) + -44 - -21
-6
31 + -42 + 31 - (1 - -1)
18
Evaluate 2 + (1 - ((5 - -7) + -1) - 1).
-9
Evaluate 2 + 10 - (2 + 0 + -4 + 1).
13
Calculate 7 + -1 + 1 + -4 - -1.
4
Evaluate 72 + -49 + 28 - (13 + 1).
37
Evaluate -8 + (-2 - -10) + (3 - 8) + -6.
-11
What is (17 + -11 - (-11 - -17)) + 12?
12
Calculate (90 - 56) + -9 + -4.
21
What is the value of 9 - (45 + -27) - -26?
17
Evaluate 7 + (1 - -6 - (-59 - -63)).
10
Calculate (-1 - -5) + (41 + -28 - -6).
23
Calculate (12 - 4) + -5 - 1 - (-41 - -10).
33
Evaluate 4 - (24 - 22 - (0 - -1) - -2).
1
Calculate (20 - (5 - -9)) + 9 + (-2 - -1).
14
(-2 - (-1 + 1)) + -1 + -41 + 65
21
What is 6 + (-3 - (7 - -6 - (4 - 2)))?
-8
Calculate -26 + 147 + -138 + (4 - -1).
-12
(409 - 427) + 1 + 26
9
24 - (-43 + 41) - -7
33
0 - (2 + -26) - (-6 - -11)
19
What is the value of -8 + 3 + 3 + 3 + 3?
4
Evaluate (-19 - -41) + (-38 - -25).
9
3 + (-6 - (-12 + 6 - -2)) - -7
8
What is (-25 - (50 - 65)) + (6 - 1)?
-5
What is 10 + 1 + (-4 - -7) + -1?
13
13 + -5 - 27 - -10 - -24
15
Calculate 9 + 27 + 3 + -64.
-25
12 - 4 - (20 + -12 + -19)
19
What is the value of 18 + -49 + (-1 - -13)?
-19
What is -1 - (32 + -31 - (-3 - -12))?
7
What is (-7 - (5 + -8)) + -9 + (3 - 2)?
-12
What is the value of -7 + 5 + -2 + 1 + (19 - -5)?
21
What is -2 + 7 + (3 - 1) + -4?
3
(-7 - (-6 + (-5 - -2))) + -4
-2
Evaluate 0 + 0 + -6 + (-43 - (48 + -92)).
-5
What is the value of -4 + (-1 - 0) + -518 + 519?
-4
What is the value of -4 + (3 - -15) - 4 - 9?
1
3 + (-2 - 3) + 17
15
(-1 - -10 - (17 + 10)) + 2
-16
What is the value of -4 + 20 + (20 - 20)?
16
What is -30 - 3 - (298 - 337)?
6
What is -3 + 10 + -11 + (-3 + 3 - -9)?
5
Calculate -4 - (0 - (2 + 0)) - 0.
-2
19 - ((58 - 77 - (-10 - 0)) + 0)
28
What is the value of (-24 + 42 - 6) + -1?
11
-2 + (8 - 2) - (-3 - (-3 + 0))
4
What is (-7 - -13) + (-17 - 9 - -11)?
-9
Calculate -8 + 1 + -3 + 0 + 3 - 4.
-11
Evaluate 3 + -17 - (-227 + 237).
-24
What is 6 + (3 - 11 - -4 - -10) - -2?
14
Evaluate (11 + -5 - 0) + (-4 - (33 + -11)).
-20
Calculate (6 - (-2 - (-7 + 4))) + -19 + 6.
-8
What is the value of 2 - (-2 + 4) - (6 - (12 - 15))?
-9
What is the value of (-9 - -4) + -28 - -20?
-13
8 + (-5 - 0 - (5 - (9 - 14)))
-7
What is the value of 1 - (-14 + 19 - -3)?
-7
What is -3 + -11 + 15 + 1 + -7 + -6?
-11
Calculate -2 - 14 - (-40 + 29).
-5
What is (1 - 11) + -2 + (-25 + 38 - 7)?
-6
-2 - (0 + -4 - (4 + -3)) - 0
3
What is the value of -3 + (-23 - -45 - 28 - (-1 -